{"id":831,"date":"2023-11-13T16:35:41","date_gmt":"2023-11-13T08:35:41","guid":{"rendered":"https:\/\/www.generations.edu.mo\/our-school\/"},"modified":"2026-01-02T13:46:37","modified_gmt":"2026-01-02T05:46:37","slug":"our-school","status":"publish","type":"page","link":"https:\/\/uat.generations.edu.mo\/pt-pt\/our-school\/","title":{"rendered":"A Nossa Escola_draft"},"content":{"rendered":"\n<p>A GERA\u00c7\u00d5ES \u00e9 uma escola K-12, um projecto educativo moderno e inovador, que resulta numa institui\u00e7\u00e3o de ensino internacional com ra\u00edzes macaenses, suportada em 3 pilares fundamentais:<\/p>\n\n\n\n<div class=\"wp-block-group is-nowrap is-layout-flex wp-container-core-group-is-layout-2 wp-block-group-is-layout-flex\">\n<figure class=\"wp-block-image size-full\"><img loading=\"lazy\" decoding=\"async\" width=\"401\" height=\"400\" src=\"https:\/\/generations-edu-mo.ap-south-1.linodeobjects.com\/wp-content\/uploads\/2023\/07\/3a0b084e_1690348438.png\" alt=\"\" class=\"wp-image-358\" style=\"object-fit:cover\"\/><\/figure>\n\n\n\n<div class=\"wp-block-group is-vertical is-layout-flex wp-container-core-group-is-layout-1 wp-block-group-is-layout-flex\">\n<h2 class=\"wp-block-heading\">Orienta\u00e7\u00e3o lingu\u00edstica, nomeadamente com 3 l\u00ednguas obrigat\u00f3rias<\/h2>\n\n\n\n<ul class=\"wp-block-list\">\n<li>Ingl\u00eas como primeira l\u00edngua, seguida do Chin\u00eas (os encarregados de educa\u00e7\u00e3o podem escolher entre caracteres tradicionais e simplificados) e Portugu\u00eas;<\/li>\n\n\n\n<li>Conhecimento das respetivas culturas das l\u00ednguas ensinadas, em particular, mas n\u00e3o exclusivamente, da China e dos pa\u00edses de l\u00edngua portuguesa;<\/li>\n\n\n\n<li>Turmas pequenas e um grande r\u00e1cio professor\/aluno permitindo que as tr\u00eas l\u00ednguas sejam ensinadas de forma personalizada. Isto permite que alunos com diferentes origens lingu\u00edsticas sejam aceites e sejam bem-sucedidos nos objetivos acad\u00e9micos (o conhecimento pr\u00e9vio de portugu\u00eas, por exemplo, n\u00e3o \u00e9 um requisito para a admiss\u00e3o na escola);<\/li>\n\n\n\n<li>Programa personalizado de Chin\u00eas e Portugu\u00eas desenvolvido por pessoal qualificado da escola e com parceiros acad\u00e9micos;<\/li>\n\n\n\n<li>A escola est\u00e1 a desenvolver-se no sentido de expandir a sua oferta de l\u00ednguas para al\u00e9m destas tr\u00eas l\u00ednguas e para os alunos escolherem;<\/li>\n\n\n\n<li>A escola tem m\u00faltiplas parcerias internacionais nas \u00e1reas das artes e l\u00ednguas.<\/li>\n<\/ul>\n<\/div>\n<\/div>\n\n\n\n<div class=\"wp-block-group is-nowrap is-layout-flex wp-container-core-group-is-layout-4 wp-block-group-is-layout-flex\">\n<figure class=\"wp-block-image size-full\"><img loading=\"lazy\" decoding=\"async\" width=\"401\" height=\"400\" src=\"https:\/\/generations-edu-mo.ap-south-1.linodeobjects.com\/wp-content\/uploads\/2023\/07\/8446b4bc_1690348439.png\" alt=\"\" class=\"wp-image-359\" style=\"object-fit:cover\"\/><\/figure>\n\n\n\n<div class=\"wp-block-group is-vertical is-layout-flex wp-container-core-group-is-layout-3 wp-block-group-is-layout-flex\">\n<h2 class=\"wp-block-heading\"><strong>Bem-estar <\/strong><\/h2>\n\n\n\n<p>Um equil\u00edbrio adequado entre a excel\u00eancia da aprendizagem e dos processos de ensino, com o saud\u00e1vel desenvolvimento f\u00edsico, mental e emocional dos alunos:<\/p>\n\n\n\n<ul class=\"wp-block-list\">\n<li>Uma perspetiva verdadeiramente hol\u00edstica, com um forte enfoque no bem-estar, geralmente incorporado na vida escolar di\u00e1ria e tamb\u00e9m com uma disciplina espec\u00edfica de Bem-Estar;<\/li>\n\n\n\n<li>Equipa de Bem-Estar totalmente dedicada, focada no Desenvolvimento do Aluno (identificando, monitorizando e desenvolvendo talentos e interesses individuais), Apoio ao Estudante (prestando apoio em \u00e1reas como disciplinas espec\u00edficas e crescimento pessoal), e v\u00e1rias iniciativas relacionadas com a sustentabilidade, contacto com a natureza, servi\u00e7o \u00e0 comunidade, etc;<\/li>\n\n\n\n<li>A integra\u00e7\u00e3o na rede SISU SCHOOLS marcada pelo rigor e inova\u00e7\u00e3o das metodologias de ensino inovadoras finlandesas;<\/li>\n\n\n\n<li>Resposta adequada \u00e0s exig\u00eancias educativas dos seus alunos, dispondo cada aluno de um Plano Individual de Aprendizagem;<\/li>\n\n\n\n<li>Forte envolvimento dos alunos no processo evolutivo da escola, garantindo que todos os alunos tenham uma voz e um impacto real e eficaz no desenvolvimento e crescimento da mesma;<\/li>\n\n\n\n<li>Adop\u00e7\u00e3o de metodologias internacionais relacionadas com o bem-estar como o Internacional Baccalaureate (IB);<\/li>\n<\/ul>\n<\/div>\n<\/div>\n\n\n\n<div class=\"wp-block-group is-nowrap is-layout-flex wp-container-core-group-is-layout-6 wp-block-group-is-layout-flex\">\n<figure class=\"wp-block-image size-full\"><img loading=\"lazy\" decoding=\"async\" width=\"1080\" height=\"1080\" src=\"https:\/\/generations-edu-mo.ap-south-1.linodeobjects.com\/wp-content\/uploads\/2025\/12\/fd09f04c_1765264217.png\" alt=\"\" class=\"wp-image-6500\" style=\"object-fit:cover\" srcset=\"https:\/\/generations-edu-mo.ap-south-1.linodeobjects.com\/wp-content\/uploads\/2025\/12\/fd09f04c_1765264217.png 1080w, https:\/\/generations-edu-mo.ap-south-1.linodeobjects.com\/wp-content\/uploads\/2025\/12\/fd09f04c_1765264217-768x768.png 768w\" sizes=\"(max-width: 1080px) 100vw, 1080px\" \/><\/figure>\n\n\n\n<div class=\"wp-block-group is-vertical is-layout-flex wp-container-core-group-is-layout-5 wp-block-group-is-layout-flex\">\n<h2 class=\"wp-block-heading\"><strong>Excel\u00eancia Acad\u00e9mica e C\u00edvica<\/strong><\/h2>\n\n\n\n<ul class=\"wp-block-list\">\n<li>Compromisso com o rigor acad\u00e9mico dos Programas do Internacional Baccalaureate (IB), garantindo padr\u00f5es globais de educa\u00e7\u00e3o e prepara\u00e7\u00e3o dos alunos.<\/li>\n\n\n\n<li>\u00canfase no desenvolvimento hol\u00edstico, promovendo n\u00e3o apenas a excel\u00eancia intelectual, mas tamb\u00e9m o bem-estar emocional, a resili\u00eancia, as habilidades sociais e o crescimento pessoal, cultivando estudantes completos que prosperam acad\u00eamica e pessoalmente.<\/li>\n\n\n\n<li>Incentivo \u00e0 responsabilidade c\u00edvica e ao envolvimento da comunidade atrav\u00e9s de iniciativas de sustentabilidade, sensibiliza\u00e7\u00e3o cultural e projetos orientados para o servi\u00e7o, estimulando os alunos a tornarem-se cidad\u00e3os globais \u00e9ticos e com emp\u00e1ticos, valorizando o patrim\u00f3nio de Macau e do resto do mundo.<\/li>\n\n\n\n<li>Percursos de aprendizagem individualizados, suportados por turmas reduzidas, r\u00e1cios professor-aluno elevados e planos personalizados para os alunos, que adaptam a educa\u00e7\u00e3o aos pontos fortes e \u00e0s necessidades de cada aluno, promovendo a autonomia e a colabora\u00e7\u00e3o em conson\u00e2ncia com a miss\u00e3o acad\u00e9mica e c\u00edvica da escola.<\/li>\n\n\n\n<li>Cumprimento integral das orienta\u00e7\u00f5es emanadas do Governo da Regi\u00e3o Administrativa Especial de Macau (RAEM), nomeadamente os Requisitos Acad\u00e9micos B\u00e1sicos.<\/li>\n<\/ul>\n<\/div>\n<\/div>\n","protected":false},"excerpt":{"rendered":"<p>A GERA\u00c7\u00d5ES \u00e9 uma escola K-12, um projecto educativo moderno e inovador, que resulta numa institui\u00e7\u00e3o de ensino internacional com ra\u00edzes macaenses, suportada em 3 pilares fundamentais: Orienta\u00e7\u00e3o lingu\u00edstica, nomeadamente com 3 l\u00ednguas obrigat\u00f3rias Bem-estar Um equil\u00edbrio adequado entre a excel\u00eancia da aprendizagem e dos processos de ensino, com o saud\u00e1vel desenvolvimento f\u00edsico, mental e [&hellip;]<\/p>\n","protected":false},"author":1,"featured_media":0,"parent":0,"menu_order":0,"comment_status":"closed","ping_status":"closed","template":"","meta":{"_acf_changed":false,"footnotes":""},"class_list":["post-831","page","type-page","status-publish","hentry"],"acf":{"banner":""},"_links":{"self":[{"href":"https:\/\/uat.generations.edu.mo\/pt-pt\/wp-json\/wp\/v2\/pages\/831"}],"collection":[{"href":"https:\/\/uat.generations.edu.mo\/pt-pt\/wp-json\/wp\/v2\/pages"}],"about":[{"href":"https:\/\/uat.generations.edu.mo\/pt-pt\/wp-json\/wp\/v2\/types\/page"}],"author":[{"embeddable":true,"href":"https:\/\/uat.generations.edu.mo\/pt-pt\/wp-json\/wp\/v2\/users\/1"}],"replies":[{"embeddable":true,"href":"https:\/\/uat.generations.edu.mo\/pt-pt\/wp-json\/wp\/v2\/comments?post=831"}],"version-history":[{"count":19,"href":"https:\/\/uat.generations.edu.mo\/pt-pt\/wp-json\/wp\/v2\/pages\/831\/revisions"}],"predecessor-version":[{"id":7265,"href":"https:\/\/uat.generations.edu.mo\/pt-pt\/wp-json\/wp\/v2\/pages\/831\/revisions\/7265"}],"wp:attachment":[{"href":"https:\/\/uat.generations.edu.mo\/pt-pt\/wp-json\/wp\/v2\/media?parent=831"}],"curies":[{"name":"wp","href":"https:\/\/api.w.org\/{rel}","templated":true}]}}

<p>A GERAÇÕES é uma escola K-12, um projecto educativo moderno e inovador, que resulta numa instituição de ensino internacional com raízes macaenses, suportada em 3 pilares fundamentais:</p>



<div class="wp-block-group is-nowrap is-layout-flex wp-container-core-group-is-layout-2 wp-block-group-is-layout-flex">
<figure class="wp-block-image size-full"><img loading="lazy" decoding="async" width="401" height="400" src="https://generations-edu-mo.ap-south-1.linodeobjects.com/wp-content/uploads/2023/07/3a0b084e_1690348438.png" alt="" class="wp-image-358" style="object-fit:cover"/></figure>



<div class="wp-block-group is-vertical is-layout-flex wp-container-core-group-is-layout-1 wp-block-group-is-layout-flex">
<h2 class="wp-block-heading">Orientação linguística, nomeadamente com 3 línguas obrigatórias</h2>



<ul class="wp-block-list">
<li>Inglês como primeira língua, seguida do Chinês (os encarregados de educação podem escolher entre caracteres tradicionais e simplificados) e Português;</li>



<li>Conhecimento das respetivas culturas das línguas ensinadas, em particular, mas não exclusivamente, da China e dos países de língua portuguesa;</li>



<li>Turmas pequenas e um grande rácio professor/aluno permitindo que as três línguas sejam ensinadas de forma personalizada. Isto permite que alunos com diferentes origens linguísticas sejam aceites e sejam bem-sucedidos nos objetivos académicos (o conhecimento prévio de português, por exemplo, não é um requisito para a admissão na escola);</li>



<li>Programa personalizado de Chinês e Português desenvolvido por pessoal qualificado da escola e com parceiros académicos;</li>



<li>A escola está a desenvolver-se no sentido de expandir a sua oferta de línguas para além destas três línguas e para os alunos escolherem;</li>



<li>A escola tem múltiplas parcerias internacionais nas áreas das artes e línguas.</li>
</ul>
</div>
</div>



<div class="wp-block-group is-nowrap is-layout-flex wp-container-core-group-is-layout-4 wp-block-group-is-layout-flex">
<figure class="wp-block-image size-full"><img loading="lazy" decoding="async" width="401" height="400" src="https://generations-edu-mo.ap-south-1.linodeobjects.com/wp-content/uploads/2023/07/8446b4bc_1690348439.png" alt="" class="wp-image-359" style="object-fit:cover"/></figure>



<div class="wp-block-group is-vertical is-layout-flex wp-container-core-group-is-layout-3 wp-block-group-is-layout-flex">
<h2 class="wp-block-heading"><strong>Bem-estar </strong></h2>



<p>Um equilíbrio adequado entre a excelência da aprendizagem e dos processos de ensino, com o saudável desenvolvimento físico, mental e emocional dos alunos:</p>



<ul class="wp-block-list">
<li>Uma perspetiva verdadeiramente holística, com um forte enfoque no bem-estar, geralmente incorporado na vida escolar diária e também com uma disciplina específica de Bem-Estar;</li>



<li>Equipa de Bem-Estar totalmente dedicada, focada no Desenvolvimento do Aluno (identificando, monitorizando e desenvolvendo talentos e interesses individuais), Apoio ao Estudante (prestando apoio em áreas como disciplinas específicas e crescimento pessoal), e várias iniciativas relacionadas com a sustentabilidade, contacto com a natureza, serviço à comunidade, etc;</li>



<li>A integração na rede SISU SCHOOLS marcada pelo rigor e inovação das metodologias de ensino inovadoras finlandesas;</li>



<li>Resposta adequada às exigências educativas dos seus alunos, dispondo cada aluno de um Plano Individual de Aprendizagem;</li>



<li>Forte envolvimento dos alunos no processo evolutivo da escola, garantindo que todos os alunos tenham uma voz e um impacto real e eficaz no desenvolvimento e crescimento da mesma;</li>



<li>Adopção de metodologias internacionais relacionadas com o bem-estar como o Internacional Baccalaureate (IB);</li>
</ul>
</div>
</div>



<div class="wp-block-group is-nowrap is-layout-flex wp-container-core-group-is-layout-6 wp-block-group-is-layout-flex">
<figure class="wp-block-image size-full"><img loading="lazy" decoding="async" width="1080" height="1080" src="https://generations-edu-mo.ap-south-1.linodeobjects.com/wp-content/uploads/2025/12/fd09f04c_1765264217.png" alt="" class="wp-image-6500" style="object-fit:cover" srcset="https://generations-edu-mo.ap-south-1.linodeobjects.com/wp-content/uploads/2025/12/fd09f04c_1765264217.png 1080w, https://generations-edu-mo.ap-south-1.linodeobjects.com/wp-content/uploads/2025/12/fd09f04c_1765264217-768x768.png 768w" sizes="(max-width: 1080px) 100vw, 1080px" /></figure>



<div class="wp-block-group is-vertical is-layout-flex wp-container-core-group-is-layout-5 wp-block-group-is-layout-flex">
<h2 class="wp-block-heading"><strong>Excelência Académica e Cívica</strong></h2>



<ul class="wp-block-list">
<li>Compromisso com o rigor académico dos Programas do Internacional Baccalaureate (IB), garantindo padrões globais de educação e preparação dos alunos.</li>



<li>Ênfase no desenvolvimento holístico, promovendo não apenas a excelência intelectual, mas também o bem-estar emocional, a resiliência, as habilidades sociais e o crescimento pessoal, cultivando estudantes completos que prosperam acadêmica e pessoalmente.</li>



<li>Incentivo à responsabilidade cívica e ao envolvimento da comunidade através de iniciativas de sustentabilidade, sensibilização cultural e projetos orientados para o serviço, estimulando os alunos a tornarem-se cidadãos globais éticos e com empáticos, valorizando o património de Macau e do resto do mundo.</li>



<li>Percursos de aprendizagem individualizados, suportados por turmas reduzidas, rácios professor-aluno elevados e planos personalizados para os alunos, que adaptam a educação aos pontos fortes e às necessidades de cada aluno, promovendo a autonomia e a colaboração em consonância com a missão académica e cívica da escola.</li>



<li>Cumprimento integral das orientações emanadas do Governo da Região Administrativa Especial de Macau (RAEM), nomeadamente os Requisitos Académicos Básicos.</li>
</ul>
</div>
</div>

<p>A GERAÇÕES é uma escola K-12, um projecto educativo moderno e inovador, que resulta numa instituição de ensino internacional com raízes macaenses, suportada em 3 pilares fundamentais: Orientação linguística, nomeadamente com 3 línguas obrigatórias Bem-estar Um equilíbrio adequado entre a excelência da aprendizagem e dos processos de ensino, com o saudável desenvolvimento físico, mental e [&hellip;]</p>
