{"id":1061,"date":"2023-06-15T18:42:16","date_gmt":"2023-06-15T10:42:16","guid":{"rendered":"https:\/\/www.generations.edu.mo\/shop\/"},"modified":"2026-01-05T15:42:25","modified_gmt":"2026-01-05T07:42:25","slug":"shop","status":"publish","type":"page","link":"https:\/\/uat.generations.edu.mo\/pt-pt\/shop\/","title":{"rendered":"Uniforme Escolar"},"content":{"rendered":"\n<figure class=\"wp-block-image aligncenter size-large is-resized\"><img decoding=\"async\" src=\"https:\/\/generations-edu-mo.ap-south-1.linodeobjects.com\/wp-content\/uploads\/2024\/08\/3c375e47_1722677272.png\" alt=\"\" style=\"width:590px;height:auto\"\/><\/figure>\n\n\n\n<div class=\"wp-block-group is-nowrap is-layout-flex wp-container-core-group-is-layout-2 wp-block-group-is-layout-flex\">\n<div class=\"wp-block-group is-vertical is-layout-flex wp-container-core-group-is-layout-1 wp-block-group-is-layout-flex\">\n<h2 class=\"wp-block-heading\">Uniforme<\/h2>\n\n\n\n<p>O Programa de Uniformes da GERA\u00c7\u00d5ES foi cuidadosamente concebido para reflectir a identidade e os valores \u00fanicos da escola, combinando elementos culturais Portugueses e Chineses num c\u00f3digo de vestu\u00e1rio est\u00e9tico e pr\u00e1tico. Todos os alunos, do Ensino Infantil ao Secund\u00e1rio, s\u00e3o obrigados a usar o uniforme designado no campus e durante as atividades escolares oficiais, dentro e fora do hor\u00e1rio escolar. As cores da escola \u2013 azul claro, turquesa e amarelo \u2013 s\u00e3o destacadas, com o logotipo da escola simbolizando o encontro do Oriente e do Ocidente e o esp\u00edrito de aprendizagem intergeracional, acompanhado pelo lema &#8220;Descobrimentos Iluminam a Vida&#8221;. O uniforme inclui tecidos confort\u00e1veis e de origem sustent\u00e1vel, selecionados pela estilista portuguesa Maria Cristina Lopes para garantir est\u00e9tica e conforto.<\/p>\n\n\n\n<p>O programa inclui op\u00e7\u00f5es de ver\u00e3o e inverno, com flexibilidade na escolha de mangas compridas ou curtas, cal\u00e7as ou skorts de acordo com a esta\u00e7\u00e3o e prefer\u00eancia pessoal. Cada n\u00edvel de classifica\u00e7\u00e3o \u00e9 identificado por camisas polo ou camisetas espec\u00edficas, com diferentes detalhes amarelos significando diferentes n\u00edveis sendo iluminados pela luz do Farol das Gera\u00e7\u00f5es. Estes s\u00e3o complementados por acess\u00f3rios essenciais como um chap\u00e9u amarelo para o Ensino Infantil e um bon\u00e9 para os alunos do Ensino Prim\u00e1rio e Secund\u00e1rio. A pol\u00edtica de uniformes vai al\u00e9m do vestu\u00e1rio para incluir expectativas sobre maquilhagem que deve ser suave e natural, acess\u00f3rios de cabelo simples e joias seguras para manter uma atmosfera escolar saud\u00e1vel.<\/p>\n\n\n\n<p>Os pais s\u00e3o fortemente encorajados a apoiar o cumprimento uniforme atrav\u00e9s da rotulagem de todos os itens, e a escola aplica activamente a pol\u00edtica de uniforme para promover um forte sentimento de perten\u00e7a e esp\u00edrito comunit\u00e1rio. Os itens podem ser convenientemente adquiridos atrav\u00e9s da recep\u00e7\u00e3o ou entrando em contato directamente com a escola. No geral, o Programa de Uniformes combina tradi\u00e7\u00e3o, simbolismo cultural, sustentabilidade e praticalidade, contribuindo para uma identidade e sentimento de perten\u00e7a compartilhados entre todos os membros da comunidade GERA\u00c7\u00d5ES.<\/p>\n\n\n\n<p>Para adquirir qualquer pe\u00e7a de Uniforme Escolar, queira dar-nos o prazer da sua visita ao nosso Balc\u00e3o de Rece\u00e7\u00e3o da GERA\u00c7\u00d5ES, ou alternativamente ligue-nos ou envie-nos um e-mail para <a href=\"mailto:ops@generations.edu.mo\">ops@generations.edu.mo<\/a>.<\/p>\n\n\n\n<div class=\"wp-block-buttons is-layout-flex wp-block-buttons-is-layout-flex\">\n<div class=\"wp-block-button\"><a class=\"wp-block-button__link wp-element-button\" href=\"https:\/\/www.generations.edu.mo\/wp-content\/uploads\/2023\/10\/e20dc2c6_1697006526.pdf\" target=\"_blank\" rel=\"noreferrer noopener\">GENERATIONS Uniform Policy<\/a><\/div>\n<\/div>\n<\/div>\n<\/div>\n","protected":false},"excerpt":{"rendered":"<p>Uniforme O Programa de Uniformes da GERA\u00c7\u00d5ES foi cuidadosamente concebido para reflectir a identidade e os valores \u00fanicos da escola, combinando elementos culturais Portugueses e Chineses num c\u00f3digo de vestu\u00e1rio est\u00e9tico e pr\u00e1tico. Todos os alunos, do Ensino Infantil ao Secund\u00e1rio, s\u00e3o obrigados a usar o uniforme designado no campus e durante as atividades escolares [&hellip;]<\/p>\n","protected":false},"author":1,"featured_media":0,"parent":0,"menu_order":0,"comment_status":"closed","ping_status":"closed","template":"","meta":{"_acf_changed":false,"footnotes":""},"class_list":["post-1061","page","type-page","status-publish","hentry"],"acf":{"banner":""},"_links":{"self":[{"href":"https:\/\/uat.generations.edu.mo\/pt-pt\/wp-json\/wp\/v2\/pages\/1061"}],"collection":[{"href":"https:\/\/uat.generations.edu.mo\/pt-pt\/wp-json\/wp\/v2\/pages"}],"about":[{"href":"https:\/\/uat.generations.edu.mo\/pt-pt\/wp-json\/wp\/v2\/types\/page"}],"author":[{"embeddable":true,"href":"https:\/\/uat.generations.edu.mo\/pt-pt\/wp-json\/wp\/v2\/users\/1"}],"replies":[{"embeddable":true,"href":"https:\/\/uat.generations.edu.mo\/pt-pt\/wp-json\/wp\/v2\/comments?post=1061"}],"version-history":[{"count":7,"href":"https:\/\/uat.generations.edu.mo\/pt-pt\/wp-json\/wp\/v2\/pages\/1061\/revisions"}],"predecessor-version":[{"id":7630,"href":"https:\/\/uat.generations.edu.mo\/pt-pt\/wp-json\/wp\/v2\/pages\/1061\/revisions\/7630"}],"wp:attachment":[{"href":"https:\/\/uat.generations.edu.mo\/pt-pt\/wp-json\/wp\/v2\/media?parent=1061"}],"curies":[{"name":"wp","href":"https:\/\/api.w.org\/{rel}","templated":true}]}}

<figure class="wp-block-image aligncenter size-large is-resized"><img decoding="async" src="https://generations-edu-mo.ap-south-1.linodeobjects.com/wp-content/uploads/2024/08/3c375e47_1722677272.png" alt="" style="width:590px;height:auto"/></figure>



<div class="wp-block-group is-nowrap is-layout-flex wp-container-core-group-is-layout-2 wp-block-group-is-layout-flex">
<div class="wp-block-group is-vertical is-layout-flex wp-container-core-group-is-layout-1 wp-block-group-is-layout-flex">
<h2 class="wp-block-heading">Uniforme</h2>



<p>O Programa de Uniformes da GERAÇÕES foi cuidadosamente concebido para reflectir a identidade e os valores únicos da escola, combinando elementos culturais Portugueses e Chineses num código de vestuário estético e prático. Todos os alunos, do Ensino Infantil ao Secundário, são obrigados a usar o uniforme designado no campus e durante as atividades escolares oficiais, dentro e fora do horário escolar. As cores da escola – azul claro, turquesa e amarelo – são destacadas, com o logotipo da escola simbolizando o encontro do Oriente e do Ocidente e o espírito de aprendizagem intergeracional, acompanhado pelo lema &#8220;Descobrimentos Iluminam a Vida&#8221;. O uniforme inclui tecidos confortáveis e de origem sustentável, selecionados pela estilista portuguesa Maria Cristina Lopes para garantir estética e conforto.</p>



<p>O programa inclui opções de verão e inverno, com flexibilidade na escolha de mangas compridas ou curtas, calças ou skorts de acordo com a estação e preferência pessoal. Cada nível de classificação é identificado por camisas polo ou camisetas específicas, com diferentes detalhes amarelos significando diferentes níveis sendo iluminados pela luz do Farol das Gerações. Estes são complementados por acessórios essenciais como um chapéu amarelo para o Ensino Infantil e um boné para os alunos do Ensino Primário e Secundário. A política de uniformes vai além do vestuário para incluir expectativas sobre maquilhagem que deve ser suave e natural, acessórios de cabelo simples e joias seguras para manter uma atmosfera escolar saudável.</p>



<p>Os pais são fortemente encorajados a apoiar o cumprimento uniforme através da rotulagem de todos os itens, e a escola aplica activamente a política de uniforme para promover um forte sentimento de pertença e espírito comunitário. Os itens podem ser convenientemente adquiridos através da recepção ou entrando em contato directamente com a escola. No geral, o Programa de Uniformes combina tradição, simbolismo cultural, sustentabilidade e praticalidade, contribuindo para uma identidade e sentimento de pertença compartilhados entre todos os membros da comunidade GERAÇÕES.</p>



<p>Para adquirir qualquer peça de Uniforme Escolar, queira dar-nos o prazer da sua visita ao nosso Balcão de Receção da GERAÇÕES, ou alternativamente ligue-nos ou envie-nos um e-mail para <a href="mailto:ops@generations.edu.mo">ops@generations.edu.mo</a>.</p>



<div class="wp-block-buttons is-layout-flex wp-block-buttons-is-layout-flex">
<div class="wp-block-button"><a class="wp-block-button__link wp-element-button" href="https://www.generations.edu.mo/wp-content/uploads/2023/10/e20dc2c6_1697006526.pdf" target="_blank" rel="noreferrer noopener">GENERATIONS Uniform Policy</a></div>
</div>
</div>
</div>

<p>Uniforme O Programa de Uniformes da GERAÇÕES foi cuidadosamente concebido para reflectir a identidade e os valores únicos da escola, combinando elementos culturais Portugueses e Chineses num código de vestuário estético e prático. Todos os alunos, do Ensino Infantil ao Secundário, são obrigados a usar o uniforme designado no campus e durante as atividades escolares [&hellip;]</p>
